{"id":5527,"date":"2019-02-27T21:13:48","date_gmt":"2019-02-27T21:13:48","guid":{"rendered":"https:\/\/www.jandewaaltransport.nl\/?page_id=5527"},"modified":"2021-01-25T20:27:37","modified_gmt":"2021-01-25T20:27:37","slug":"allgemeinen-transportbedingungen","status":"publish","type":"page","link":"https:\/\/www.jandewaaltransport.nl\/index.php\/allgemeinen-transportbedingungen\/?lang=de","title":{"rendered":"Allgemeinen Transportbedingungen"},"content":{"rendered":"<div class=\"wpb-content-wrapper\"><p>[vc_row][vc_column][vc_empty_space][\/vc_column][\/vc_row][vc_row][vc_column][vc_single_image image=&#8220;6065&#8243; img_size=&#8220;full&#8220; alignment=&#8220;center&#8220; style=&#8220;vc_box_shadow_border&#8220;][\/vc_column][\/vc_row][vc_row][vc_column width=&#8220;1\/4&#8243;][vc_single_image image=&#8220;5461&#8243; img_size=&#8220;138&#215;167&#8243; style=&#8220;vc_box_shadow_border&#8220;][vc_column_text]\u2022 <a href=\"https:\/\/www.jandewaaltransport.nl\/wp-content\/uploads\/2019\/02\/Algemene-Vervoerscondities-NL.pdf\" target=\"_blank\" rel=\"noreferrer noopener\" aria-label=\"Allgemeine Transportbedingungen (opent in een nieuwe tab)\">Allgemeine Transportbedingungen<\/a><br \/>\n<em>\u00a0 (Derzeit nur in Niederl\u00e4ndisch verf\u00fcgbar)<\/em>[\/vc_column_text][vc_column_text]\u2022 <a href=\"https:\/\/www.jandewaaltransport.nl\/wp-content\/uploads\/2019\/02\/CMR-Verdrag-NL.pdf\" target=\"_blank\" rel=\"noreferrer noopener\" aria-label=\"CMR-\u00dcbereinkommen (opent in een nieuwe tab)\">CMR-\u00dcbereinkommen<\/a><br \/>\n<em>\u00a0 (Derzeit nur in Niederl\u00e4ndisch verf\u00fcgbar)<\/em>[\/vc_column_text][\/vc_column][vc_column width=&#8220;3\/4&#8243;][vc_column_text]<\/p>\n<h3 class=\"has-normal-font-size\">Allgemeinen Transportbedingungen<\/h3>\n<h6 class=\"has-normal-font-size\">Die in den Allgemeinen Transportbedingungen beschriebenen Bedingungen gelten f\u00fcr alle Transportauftr\u00e4ge. Sie k\u00f6nnen es unten herunterladen.<\/h6>\n<p>[\/vc_column_text][\/vc_column][\/vc_row]<\/p>\n<\/div>","protected":false},"excerpt":{"rendered":"<p>[vc_row][vc_column][vc_empty_space][\/vc_column][\/vc_row][vc_row][vc_column][vc_single_image image=&#8220;6065&#8243; img_size=&#8220;full&#8220; alignment=&#8220;center&#8220; style=&#8220;vc_box_shadow_border&#8220;][\/vc_column][\/vc_row][vc_row][vc_column width=&#8220;1\/4&#8243;][vc_single_image image=&#8220;5461&#8243; img_size=&#8220;138&#215;167&#8243; style=&#8220;vc_box_shadow_border&#8220;][vc_column_text]\u2022 Allgemeine Transportbedingungen \u00a0 (Derzeit nur in Niederl\u00e4ndisch verf\u00fcgbar)[\/vc_column_text][vc_column_text]\u2022 CMR-\u00dcbereinkommen \u00a0 (Derzeit nur in Niederl\u00e4ndisch verf\u00fcgbar)[\/vc_column_text][\/vc_column][vc_column width=&#8220;3\/4&#8243;][vc_column_text] Allgemeinen Transportbedingungen Die in den [&hellip;]<\/p>\n","protected":false},"author":1,"featured_media":0,"parent":0,"menu_order":0,"comment_status":"closed","ping_status":"closed","template":"","meta":{"footnotes":""},"class_list":["post-5527","page","type-page","status-publish","hentry"],"_links":{"self":[{"href":"https:\/\/www.jandewaaltransport.nl\/index.php\/wp-json\/wp\/v2\/pages\/5527\/?lang=de"}],"collection":[{"href":"https:\/\/www.jandewaaltransport.nl\/index.php\/wp-json\/wp\/v2\/pages\/?lang=de"}],"about":[{"href":"https:\/\/www.jandewaaltransport.nl\/index.php\/wp-json\/wp\/v2\/types\/page\/?lang=de"}],"author":[{"embeddable":true,"href":"https:\/\/www.jandewaaltransport.nl\/index.php\/wp-json\/wp\/v2\/users\/1\/?lang=de"}],"replies":[{"embeddable":true,"href":"https:\/\/www.jandewaaltransport.nl\/index.php\/wp-json\/wp\/v2\/comments\/?lang=de&post=5527"}],"version-history":[{"count":9,"href":"https:\/\/www.jandewaaltransport.nl\/index.php\/wp-json\/wp\/v2\/pages\/5527\/revisions\/?lang=de"}],"predecessor-version":[{"id":6216,"href":"https:\/\/www.jandewaaltransport.nl\/index.php\/wp-json\/wp\/v2\/pages\/5527\/revisions\/6216\/?lang=de"}],"wp:attachment":[{"href":"https:\/\/www.jandewaaltransport.nl\/index.php\/wp-json\/wp\/v2\/media\/?lang=de&parent=5527"}],"curies":[{"name":"wp","href":"https:\/\/api.w.org\/{rel}","templated":true}]}}

<div class="wpb-content-wrapper"><p>[vc_row][vc_column][vc_empty_space][/vc_column][/vc_row][vc_row][vc_column][vc_single_image image=&#8220;6065&#8243; img_size=&#8220;full&#8220; alignment=&#8220;center&#8220; style=&#8220;vc_box_shadow_border&#8220;][/vc_column][/vc_row][vc_row][vc_column width=&#8220;1/4&#8243;][vc_single_image image=&#8220;5461&#8243; img_size=&#8220;138&#215;167&#8243; style=&#8220;vc_box_shadow_border&#8220;][vc_column_text]• <a href="https://www.jandewaaltransport.nl/wp-content/uploads/2019/02/Algemene-Vervoerscondities-NL.pdf" target="_blank" rel="noreferrer noopener" aria-label="Allgemeine Transportbedingungen (opent in een nieuwe tab)">Allgemeine Transportbedingungen</a><br />
<em>  (Derzeit nur in Niederländisch verfügbar)</em>[/vc_column_text][vc_column_text]• <a href="https://www.jandewaaltransport.nl/wp-content/uploads/2019/02/CMR-Verdrag-NL.pdf" target="_blank" rel="noreferrer noopener" aria-label="CMR-Übereinkommen (opent in een nieuwe tab)">CMR-Übereinkommen</a><br />
<em>  (Derzeit nur in Niederländisch verfügbar)</em>[/vc_column_text][/vc_column][vc_column width=&#8220;3/4&#8243;][vc_column_text]</p>
<h3 class="has-normal-font-size">Allgemeinen Transportbedingungen</h3>
<h6 class="has-normal-font-size">Die in den Allgemeinen Transportbedingungen beschriebenen Bedingungen gelten für alle Transportaufträge. Sie können es unten herunterladen.</h6>
<p>[/vc_column_text][/vc_column][/vc_row]</p>
</div>

<p>[vc_row][vc_column][vc_empty_space][/vc_column][/vc_row][vc_row][vc_column][vc_single_image image=&#8220;6065&#8243; img_size=&#8220;full&#8220; alignment=&#8220;center&#8220; style=&#8220;vc_box_shadow_border&#8220;][/vc_column][/vc_row][vc_row][vc_column width=&#8220;1/4&#8243;][vc_single_image image=&#8220;5461&#8243; img_size=&#8220;138&#215;167&#8243; style=&#8220;vc_box_shadow_border&#8220;][vc_column_text]• Allgemeine Transportbedingungen   (Derzeit nur in Niederländisch verfügbar)[/vc_column_text][vc_column_text]• CMR-Übereinkommen   (Derzeit nur in Niederländisch verfügbar)[/vc_column_text][/vc_column][vc_column width=&#8220;3/4&#8243;][vc_column_text] Allgemeinen Transportbedingungen Die in den [&hellip;]</p>
